x**3 + 0*x**2 - 42*x - 13. Let v(n) = 5*g(n) - 3*j(n). Determine v(-4).
-8
Let c(z) = 3*z**3. Let n be c(1). Suppose l + 3*r = 2*r + n, 2*l - 6 = -r. Let m(o) = 24*o**2 - 3*o**2 - 8*o**2 - 12*o**2 - o. Calculate m(l).
6
Let x(i) = 2*i**3 + 19*i**2 + 11*i + 10. Let y be x(-9). Let z(h) = 3*h + 12. Calculate z(y).
-12
Let f(m) be the second derivative of 1/3*m**3 + 6 + 6*m + 21/2*m**2. Give f(-9).
3
Let v(f) = -f**3 + f**2 - f + 2. Let b be v(0). Let y(m) = -15*m - 105. Let c be y(-7). Let n(o) = c - 4*o + 0 + 2*o + o**3. Calculate n(b).
4
Let z = -515 + 521. Let x(h) = 2 - h**2 + z*h**2 - 77*h**3 + 75*h**3 - 4*h**2. Let r = -1 - -3. Determine x(r).
-10
Let v(m) be the first derivative of 9*m + 1/2*m**2 + 90. Suppose 0 = 4*k + 6 + 22. What is v(k)?
2
Let d(z) = -z**3 + z. Let g(y) = 5*y**3 - y**2 - 7*y - 1. Let t be (8/12)/((-6)/(-9)). Let w be (-13)/(-13)*(-6)/(-1). Let l(j) = t*g(j) + w*d(j). Give l(0).
-1
Let q(u) be the third derivative of -u**4/24 + 2*u**3/3 + u**2 - 209*u. What is q(-5)?
9
Let h(c) = -c - 117. Let w(o) = -o - 96. Let t(z) = 3*h(z) - 4*w(z). Determine t(-28).
5
Let w = -5206 + 5211. Let x(c) = -120*c + 611. Determine x(w).
11
Suppose 0 = -5*u + 3*p + 15, -3*u + 2*p + 11 = 2. Let i(m) = 14*m**u - 13*m**3 - 76 + 63. Determine i(0).
-13
Let g be (-15)/(-150) - (-122)/(-20). Let h(p) be the third derivative of -p**5/60 - p**4/8 + 11*p**3/6 - 4*p**2. Calculate h(g).
-7
Let m = -281 - -298. Let o(y) = 15 + m - 59 + 10 + y. Calculate o(9).
-8
Suppose 18 = -a + 38. Suppose -6*z + 9*z - 4 = -r, 0 = -3*z + 5*r - a. Let m(f) = f**2 + f - 10. Determine m(z).
-10
Let u(n) = -22*n - 22. Let a(m) = -104*m - 114. Let y(i) = -3*a(i) + 14*u(i). Give y(-10).
-6
Suppose 54 = -101*h + 95*h. Let y(w) = -w**2 - 10*w + 1. What is y(h)?
10
Let w = -11 + 10. Let p(z) be the first derivative of z**2/2 - z - 70. Let j(c) = c**2 + 9*c. Let k(v) = w*j(v) + 5*p(v). Determine k(-5).
-10
Let j(f) = -7*f - 186. Let i(n) = -6*n - 155. Let v(k) = 6*i(k) - 5*j(k). Let h = -1 + 4. Suppose h*q - 1 = -10. Determine v(q).
3
Suppose -538 + 204 = 275*n - 108*n. Let i(c) be the second derivative of -c**4/6 - c**3/6 + c**2 - 23*c. Determine i(n).
-4
Suppose 0 = 173*f - 140*f + 297. Let u(b) = b**2 - 22. Give u(f).
59
Let d(g) = g - 7. Suppose -266*j + 269*j = 3. Let s(t) = 2. Let q(n) = j*d(n) - 3*s(n). Determine q(8).
-5
Let n(d) = 3*d**2 - 10*d - 18. Let c(j) = 2*j**2 - 9*j - 10. Let t(r) = 5*c(r) - 3*n(r). Let u(i) = 7*i**2 - 1. Let w be u(-1). What is t(w)?
-50
Let p(a) = -3*a - 283. Let u(r) = -7*r - 608. Let y(x) = -11*p(x) + 5*u(x). Give y(-7).
87
Suppose 2*j + 2*v = v + 69, 2*v + 27 = j. Let r be 6 + 3/(-12) + j/(-12). Suppose r*s + s - 16 = 0. Let p(m) = m**3 - m**2 - 6*m + 2. What is p(s)?
26
Let i(m) = -m + 2. Let t be i(0). Let f(c) = c**2 - 3 - 2 - 7*c + t + c + 1. Let r(q) = -2*q**3 - q**2 + 2*q - 1. Let w be r(-2). Determine f(w).
5
Let z(b) = 21*b**2 - 14900 + b - 10*b**2 + 14912 + b**3 - 10*b**2. What is z(0)?
12
Suppose -3 + 6 = 3*d, -d + 11 = 5*i. Let w(q) = -10 - 2841*q**2 - 6*q - 4*q + 2842*q**i. Calculate w(9).
-19
Let i(s) = s**2 - s - 4. Let x(y) = 15*y - 210. Let j be x(14). Suppose j = 34*c - 15*c + 95. What is i(c)?
26
Let o(l) = -2*l**3 - l**2 + l + 4. Let m be o(-2). Let a(u) = 2*u - 28. Give a(m).
0
Suppose -3*s = 4*n - 40, -5*s - 2*n = -3*s - 26. Let b be -3 - (-12)/5 - (-18)/5. Suppose 0 = -u - b*u + s. Let v(m) = m**2 - 3*m + 2. Determine v(u).
2
Let t(o) = -o - 4. Let q(l) = -15*l - 55. Let b be 6 + (-6)/1 + 4. Let a(z) = b*q(z) - 55*t(z). Suppose 9*p - 8 = 2*k + 4*p, 5*k - 5*p = -5. Determine a(k).
-5
Let w(q) = -q - 18. Let f be ((-6)/(-15))/(124/(-1240)). Determine w(f).
-14
Let p(c) be the first derivative of c**4/4 + 4*c**3 + 5*c**2 - 5*c - 1. Let q = -662 - -689. Suppose 31 = -j - 4*v, 9*j + v + q = 7*j. Give p(j).
6
Let w(i) = -i**3 - 7*i**2 + 2*i + 2. Let y be (9/(-18) - (-465)/(-2))*1. Let j = y + 226. Determine w(j).
-12
Let h(w) be the third derivative of 1/15*w**5 - 23*w**2 + 0*w**4 + 1/6*w**3 + 0*w + 2. Suppose -2*l + 3*s + 5 = 0, 0 = -3*l - 0*l - 3*s. Calculate h(l).
5
Let q(m) = 7*m**2 + 122*m + 53. Suppose 729*d - 261*d = -7956. Determine q(d).
2
Let j(w) = 2*w + 48. Let f(s) = -s**2 - 62*s - 348. Let v be f(-6). Determine j(v).
24
Let m(u) = -6*u + 98. Let q(l) = -37*l + 571. Let t(w) = 6*m(w) - q(w). Suppose 12 = 3*o - 3, b + o + 9 = 0. Give t(b).
3
Let g(k) = -k**3 - 3*k**2 - k + 2. Let a be 108/(-180) - (-48)/(-20). Give g(a).
5
Let d(u) = 100 + 2*u - u**3 + u - 4*u**2 - 6*u + 97 - 195. Give d(-3).
2
Let o(k) = -k**3 + 6*k**2 - 3*k + 6. Let r(v) = v**3 + 6*v**2 - 5*v + 24. Let f be r(-7). Suppose -3*c + 17 = t, 4*c - f = 4*t + 18. What is o(c)?
-12
Suppose -4*d = -5*f - 56, -3*d + 4*f + 42 = 3*f. Let i be d/35 - (-168)/30. Let t(p) = -p**3 + 7*p**2 - 10*p + 19. Give t(i).
-5
Suppose 49 - 41 = 2*k. Let l(s) = -5*s**2 - 16*s + 4. Let u(b) be the first derivative of b**3/3 + 2*b**2 - b - 9. Let h(y) = -2*l(y) - 9*u(y). Calculate h(k).
1
Let l(x) = x**2 - 10*x + 28. Let f(o) = o**2 + 756*o - 3799. Let c be f(5). Calculate l(c).
4
Suppose -147 = 4*u + 5*j - 107, 3*u + 30 = 2*j. Let i(t) = 14*t**2 - 47*t + 47. Let z(v) = -5*v**2 + 16*v - 16. Let o(x) = 6*i(x) + 17*z(x). Give o(u).
10
Let g(x) = 21*x - 219. Let j(a) = 7*a - 73. Let k(m) = 6*g(m) - 17*j(m). Let v be k(9). Let r(l) = l**3 + 10*l**2 - 14. Give r(v).
-14
Suppose -179 + 11 = 2*u. Let g = u + 88. Let o(x) = -g + 3*x**2 - 3*x**2 + 2*x + 2*x**2. Give o(-3).
8
Let x(n) = 63*n - 50. Let d(g) = -38*g + 25. Let z(l) = -5*d(l) - 3*x(l). Give z(-29).
-4
Let t(y) = y**3 + 9 - 7 + 27014*y + 6*y**2 - 27008*y. Suppose 5*j - 3*r + 15 = -2, r + 9 = -2*j. Determine t(j).
10
Let d(b) = 6*b**3 + 2*b**2 - b - 2. Suppose 32*f = -20*f - 52. Give d(f).
-5
Let x(z) = 1482 - 1475 + 2*z**3 - 16*z - 20*z + 31*z. Calculate x(2).
13
Let i(q) = 17*q**3 + 47*q**2 - 71*q - 74. Let j(w) = -10*w**3 - 28*w**2 + 42*w + 44. Let k(u) = -7*i(u) - 12*j(u). What is k(-8)?
-18
Let q(f) = 3 + 3*f - 2*f**2 + 1 - 8 + 6 - 5. What is q(3)?
-12
Suppose 3*t = -2*t + 25. Suppose 21*k = -m + 18*k - 10, 0 = -3*m + 4*k + 35. Let f be ((-75)/t + m)*(-2)/(-4). Let u(w) = 3*w + 1. Calculate u(f).
-14
Let o(i) be the first derivative of -8*i - 2/3*i**3 + 255 + 3/2*i**2. What is o(4)?
-28
Let j(b) be the third derivative of b**6/120 - 7*b**5/15 - 29*b**4/24 + b**3/2 + 143*b**2 - 1. Give j(29).
3
Let q(w) = -4*w**3 + 3*w**2 + 2*w + 1. Let d(v) = v**2 - 14*v - 12. Let h be d(15). Let b(a) = -3*a**3 + 2*a**2 + 2*a. Let x(l) = h*b(l) - 2*q(l). Give x(2).
-6
Let m(k) = -k**3 - 2*k**2 - 2*k. Let q(d) = d**3 - 27*d**2 - 103*d + 27. Let j(v) = 2*m(v) + q(v). Calculate j(-27).
0
Suppose -60*y + 234 = -21*y. Suppose -4*z = -4*k - 16, k - 3*z + y*z = -8. Let p(x) = -x**3 - 6*x**2 - 6*x - 1. What is p(k)?
4
Let s be (-4 - (-3 + 1))/((-6)/15). Suppose -12 + 37 = 4*w + s*v, 0 = -w - 5*v + 25. Let b(a) = 3*a - 4*a + w*a + 5*a. Calculate b(3).
12
Let z(p) = -p**3 + p**2 - 11*p - 2. Let v(i) = 10*i**3 + 3*i**2 + 40*i + 5. Let r(m) = v(m) + 4*z(m). Determine r(-2).
-15
Let l(g) = 5*g**2 + g - 14. Let v(s) = -s**2 + s + 3. Suppose 39 = -8*u - 9. Let d(z) = u*v(z) - l(z). Give d(6).
-10
Let q(c) = -19*c**2 + c - 7. Suppose -5*m - 20 = 3*s - 7*s, 5*m = s - 35. Let g(d) = -12*d**2 + d - 4. Let i(p) = m*g(p) + 5*q(p). Give i(2).
-5
Let n(y) = y**3 + 12*y**2 - 17. Let t be 14 - 4*247/38. What is n(t)?
-17
Let b(k) = 4*k - 10. Suppose 3*l - 97*l = 188 + 188. Calculate b(l).
-26
Let k(g) be the second derivative of -1/12*g**4 + 0 - 15*g - 1/2*g**2 - 1/3*g**3. Determine k(-5).
-16
Suppose -3*h + 64657 = 64633. Let k(m) = -m**3 + 8*m**2 - 2*m + 23. Calculate k(h).
7
Let v(n) = 27*n**2 - 10*n**2 - 20*n - 4*n**2 + 1 - 7*n**2 + 1. Give v(3).
-4
Suppose -49*m + 30 = -43*m. Let z(x) = -56*x**2 - m*x + 4 + 57*x**2 - 3 + 3*x. Determine z(2).
1
Let g(l) = -2*l**2 + l + 21. Let h(i) = i**2 - i - 10. Let z(d) = 3*g(d) + 7*h(d). Suppose -m - 15 = -41. Let x = m + -20. Calculate z(x).
5
Let z = -840 - -1563. Let v = 716 - z. Let m(r) = -r**3 - 7*r**2 + 2*r + 4. Calculate m(v).
-10
Let w(v) = -4194 + 8382 - 4194 - 4*v. Calculate w(0).
-6
Let m(q) be the first derivative of 0*q + 1 + 11/2*q**2 - 1/3*q**3. Let r(d) = -2*d**2 + 21*d - 1. Let b(j) = 7*m(j